7
Let t be 33/(-9)*9/(-3). Let l = 14 - t. Suppose l*s - 2*o + 162 = 7*s, 3 = o. List the prime factors of s.
3, 13
Suppose 408 = 5*c - 3*c. What are the prime factors of (c/(-10))/(36/(-120))?
2, 17
What are the prime factors of -1*((1 - 1) + -473)?
11, 43
What are the prime factors of (-60)/(-18)*(-402)/(-5)?
2, 67
Let a = -6384 + 10705. List the prime factors of a.
29, 149
Let q(h) = -6 + 4 + 7*h - 1. Let t(y) = -13*y + 7. Let r(x) = -5*q(x) - 2*t(x). List the prime factors of r(-2).
19
Let a be (18/15)/(5/25). Let u(r) = -r**3 + 4*r**2 + 8*r - 7. Let g be u(a). Let q = g + 72. List the prime factors of q.
41
Suppose -t = -29 + 8. Suppose -111 = -3*v - t. List the prime factors of v.
2, 3, 5
Let r(s) = 3*s**2 + 41*s + 103. List the prime factors of r(-32).
3, 23
Suppose -9*g + 15*g = -1020. Let l = 303 + g. List the prime factors of l.
7, 19
What are the prime factors of 321096/188 - 4/(-94)?
2, 7, 61
Let n(q) = -q**2 + 5*q - 3. Let w be n(4). Let v(p) = 20*p + 6. List the prime factors of v(w).
2, 13
Suppose -15 = -3*r + 3*l, -2*l - 12 = -3*r + 6. Suppose 5*k = -r - 22. What are the prime factors of k*(-4)/(-8) + 28?
5
List the prime factors of (6/(-6))/((-2)/64).
2
Let g = 2997 - 432. What are the prime factors of g?
3, 5, 19
Suppose -5*n - 20 = 0, 0 = -b + n + 17 + 1. Let c be 2 + -2 + 2 - 1. Suppose -3*z + b = -c. List the prime factors of z.
5
Let c(h) = -h**3 + 11*h**2 + 8*h - 15. Suppose -2*u - 1 + 23 = -3*o, 2*u = -5*o + 22. What are the prime factors of c(u)?
73
Let q = -39 + 311. What are the prime factors of q?
2, 17
Let f = -38 + 48. Suppose 2*r = f*r - 776. List the prime factors of r.
97
Let x(y) = -y + 14. Let c be x(9). Suppose 0 = 3*h + c*a - 79 - 87, 8 = 4*a. What are the prime factors of h?
2, 13
Suppose -21 = -5*a - 6. Let v = 129 - 79. Suppose a*g = 5*g - v. What are the prime factors of g?
5
Suppose -5*g + 2*a + 9115 = 0, -9316 = -4*g + 2*a - 2026. List the prime factors of g.
5, 73
Let b(u) = -23*u**3 + 5*u**2 - u - 13. List the prime factors of b(-3).
2, 41
Suppose -5 = 2*i + 15. What are the prime factors of (i + 1 - -6) + 0 + 128?
5
Let b(f) = -19*f + 2. Let u be b(-1). Let w = u + 1. Let q = 47 + w. What are the prime factors of q?
3, 23
Let j = 4425 + -2227. List the prime factors of j.
2, 7, 157
List the prime factors of (14/(-4) + 4)/((-5)/(-290)).
29
Let x be (-59)/(-3) + (-10)/(-30). What are the prime factors of -10*(-1)/(8/x)?
5
Let z(s) be the third derivative of s**6/20 - s**4/24 + 6*s**2. Let u(x) = x**3 + 8*x**2 + 7*x + 1. Let c be u(-7). What are the prime factors of z(c)?
5
Suppose -2*l + 3*l = -4*m - 2, -2*l - m + 3 = 0. What are the prime factors of (-68)/(-4) - (-6 + l)?
3, 7
Let n = -1386 + 2456. What are the prime factors of n?
2, 5, 107
Suppose 0 = 2*l - 3*s + 340, 0 = 5*l - 4*s - s + 840. Let a = -153 - l. List the prime factors of a.
11
Let m = -50 - -53. Suppose 3*j = -m*j + 354. List the prime factors of j.
59
Let o(g) = g**3 + 8*g**2 + 7*g + 2. Let i be o(-7). Suppose -2*a - i + 6 = 0. Suppose -c + 2*y = -19, 3*c - 57 = -0*c + a*y. What are the prime factors of c?
19
Suppose 4*d + 4*v = 272, 4*d + 5*v - 5 = 266. Let c = d - 55. List the prime factors of c.
2, 7
Let g(q) = -1251*q - 6*q**2 + q**3 - 2*q**3 + 1258*q + 4. What are the prime factors of g(-10)?
2, 167
Suppose -22*m = -4*k - 20*m + 11020, -4*k + 3*m = -11018. What are the prime factors of k?
2, 13, 53
Suppose 0*n + 5*n = 3810. Suppose -2*b = -5*k - 4*b + n, 5*k - 778 = 2*b. Suppose 3*t + k = 4*s, t - 5*t - 72 = -2*s. What are the prime factors of s?
2, 5
Let v(z) = 140*z**2 - 14*z + 51. List the prime factors of v(3).
3, 47
Suppose 0 = -4*k + 13 + 7. Suppose 4*g - 210 = 4*v - 3*v, 0 = k*g + 3*v - 254. List the prime factors of g.
2, 13
Suppose -2*j + 5*l + 1016 + 1935 = 0, -3*j = l - 4418. List the prime factors of j.
3, 491
Let q = 1427 + -1384. What are the prime factors of q?
43
Suppose -217*w = -201*w - 44560. What are the prime factors of w?
5, 557
Let o = 43 + 1412. List the prime factors of o.
3, 5, 97
Suppose -47*f + 3447 = -44*f. What are the prime factors of f?
3, 383
Let m be 202/(-5) + -1*(-6)/15. Let b = m - -57. List the prime factors of b.
17
Let j(y) = -6*y - 13. Let d be j(-23). Suppose -119 - d = -4*f. What are the prime factors of f?
61
List the prime factors of ((-8789)/(-34))/(3/2 + -1).
11, 47
Let y(u) = 3*u**2 - 11*u - 10. Suppose -2*d + 3*o + 17 = 2*o, -3*o = 3*d - 21. What are the prime factors of y(d)?
2, 47
Suppose -20*r + 5851 = -15249. What are the prime factors of r?
5, 211
Let g = 3796 + -2564. List the prime factors of g.
2, 7, 11
Let r(s) = -56*s + 108. What are the prime factors of r(-14)?
2, 223
Let u be (-4 + -2)*44/(-6). Let v = u + -4. List the prime factors of v.
2, 5
Suppose 396 = 2*x - 516. Suppose 0*s + 4*s = x. What are the prime factors of s?
2, 3, 19
Let b(g) = 46*g**2 + 23*g + 13. What are the prime factors of b(-5)?
2, 131
Let s(x) = -x - 9. Suppose -5*y + 5*q = 5, -3*q + 8*q = 4*y. Let w be s(y). What are the prime factors of 57 - (-3 - w)*-2?
59
Suppose 0 = -5*q + 4*k - 93 + 33, k + 3 = -q. Let g = q - -5. List the prime factors of (-26)/(3/18*g).
2, 13
Let g = 9 + -11. Let h be ((-57)/76)/(g/16). Suppose 0 = -3*u - 3*a + 51, -3*u - a + h*a = -27. List the prime factors of u.
2, 7
Suppose -79*k + 78*k + 1220 = 0. List the prime factors of k.
2, 5, 61
Let u(x) = -x**3 + 13*x**2 - 20*x + 10. Let m be 200/8*2/5. What are the prime factors of u(m)?
2, 5, 11
Suppose 3*r + 193 = 2*y - 2*r, y + 5*r - 89 = 0. Let a = -31 + y. List the prime factors of a.
3, 7
Suppose 5*p + 301 = 226. Let q(o) = -2*o**2 + 3*o - 5. Let v be q(5). List the prime factors of 9/2*v/p.
2, 3
Suppose 0 = -3*x + 6, 0 = 3*z + 4*x - 9*x - 3377. List the prime factors of z.
1129
Suppose -31*m + 6 = -29*m. What are the prime factors of (3/9)/(m/(-12996)*-4)?
19
Let p be 1/(51/(-18) - -3). Let z(n) = 16*n - 1. Let d be z(p). Suppose -d + 15 = -5*i. What are the prime factors of i?
2
Suppose 45*k + 44853 = 128553. What are the prime factors of k?
2, 3, 5, 31
Suppose -3*r + 1 = 10. Suppose 3*x = 14*x - 495. Let o = r + x. What are the prime factors of o?
2, 3, 7
Let a = 8 - 7. Let k = a - -1. Suppose j - 8 = p - 2*p, 0 = k*j - p - 16. What are the prime factors of j?
2
Let p be (8/10)/((-2)/15). What are the prime factors of (p/9)/((-4)/264)?
2, 11
Suppose -30 = -f - 2*f. Suppose f*r - 13*r + 417 = 0. What are the prime factors of r?
139
Suppose -i = -6 - 0. Suppose -i - 14 = 5*x. List the prime factors of (5/x)/(16/(-384)).
2, 3, 5
Let y(u) = 2*u**2 - 5*u - 92. List the prime factors of y(-19).
5, 29
Suppose 2*h - 4 - 6 = 0. Suppose 0*k - 5*k + h*l = -195, -5*k + 3*l + 195 = 0. Suppose -r + k = 2*r. What are the prime factors of r?
13
Let p(w) = w**3 + w**2 - w - 1. Let o be p(-1). List the prime factors of 2*25 - (-1 - (-3 - o)).
2, 3
Let j be -1*(2 + 1)*-5. List the prime factors of (-1)/(-5) + 492/j.
3, 11
Let b(q) = 4*q - 2. Suppose 3*i - i = 2*n - 4, 0 = i - 5*n + 2. Let s be (-1 - 1)/(1/i). What are the prime factors of b(s)?
2, 7
List the prime factors of 8025/(-5)*(-2)/6.
5, 107
Let z = -2 - -6. List the prime factors of (z + 0)/(2/12).
2, 3
Let z = 97 + -94. Suppose 3*r = 3*p + 114, -z*r - 32 = -2*p - 142. What are the prime factors of r?
2, 17
Suppose 93*x + 1062 = 76299. List the prime factors of x.
809
Suppose 3*c - 3*w + 489 = 0, -2*c + 5*w + 44 = 376. Let v = c + 80. Let x = -46 - v. List the prime factors of x.
5, 7
Let c(r) = -5*r**3 + 2*r**2 - r - 2. Let a be c(-1). Suppose 0 = -5*v - 4 - a. List the prime factors of ((v - -1) + 6)*11.
5, 11
Let d = -12 + 18. Let h(g) = -2*g + 4. Let x(i) = i**2 + i + 1. Let s(o) = -h(o) + x(o). List the prime factors of s(d).
3, 17
Suppose 3*a = 7*a - 12, -2*z = -3*a + 13. What are the prime factors of (-337)/z + 1 - (-13)/(-26)?
13
What are the prime factors of (-12)/66 + (-233338)/(-154)?
3, 5, 101
Suppose -3*c + 11 = -1. Suppose -133 = 5*j - 463. What are the prime factors of j/c - 1/(-2)?
17
Suppose 0 = 4*w + 4*z + 12, 0 = -w - 8*z + 3*z + 1. Let r(a) = -3*a + 13. What are the prime factors of r(w)?
5
Let s(l) = -3*l**2 - 16*l - 1. Let h(v) = 2*v**2 + 15*v + 2. Let k(r) = -5*h(r) - 4*s(r). Let m be k(7). Let y = m + 18. What are the prime factors of y?
3, 11
Supp